x + 3 + y = 0. Suppose -u*k - 10 = -4*k. What are the prime factors of k?
5
Let q = -6 - -21. What are the prime factors of q?
3, 5
Suppose -5*s + 7 = t - 3*t, 5*t - s + 6 = 0. Let w(k) = -11*k + 1. List the prime factors of w(t).
2, 3
Let g = 42 + -24. Let m = g + 4. List the prime factors of m.
2, 11
Let s = -2 + 12. List the prime factors of s.
2, 5
Suppose 2*i - 86 = 5*y, 84 = -4*y + 5*i + 5. Let k be y*5/((-5)/2). Suppose -3*c = -7*c + k. What are the prime factors of c?
2
Let w = -6 + 10. Suppose 6 = -w*y + 3*n - 3, -y = -4*n - 1. What are the prime factors of (-2 - y)/((-2)/(-14))?
7
Let s(v) = v**3 + 7*v**2 + 3*v + 9. Let x be s(-8). Let m be x/(-7) + (-8)/28. List the prime factors of 3/(3/(-3)) + m.
2
Suppose 5*q - 614 = -2*p, 0 = p - q - 139 - 161. What are the prime factors of p?
2, 151
Let p = -3 + 1. Let y(z) = 8*z**2 - z + 1. What are the prime factors of y(p)?
5, 7
Let o be (-287)/(-5) + 2/(-5). Suppose -5*c + o = -j, 0*c - 5*j - 45 = -5*c. What are the prime factors of c?
2, 3
Let o = -7 - -9. Let a be 10/(o + 0) + 1. List the prime factors of (-4)/a*(-204)/8.
17
Suppose 4*g - 3*g + 8 = -t, -12 = -t + 4*g. Let j be (-362)/(-12) + t/24. What are the prime factors of (-12)/18*j/(-4)?
5
Let p(o) = -o**3 + 2*o**2 + 3*o - 3. Let s be p(2). Suppose -17 + 74 = s*z. What are the prime factors of z?
19
Let k = -5 - -10. Suppose 0 = -k*d + 9*d + 4. What are the prime factors of ((-1)/2)/(d/8)?
2
Let i = -4 + 5. Let k = i + 5. List the prime factors of k.
2, 3
Suppose -4 = 4*j - 12. Let o(f) = 2*f**3 + f - 1. What are the prime factors of o(j)?
17
Let t = 6 + 9. Let x = 21 - t. What are the prime factors of x?
2, 3
Suppose 137 = 5*k - 33. Suppose -2*d - k = -166. Suppose -3*f + d = 24. What are the prime factors of f?
2, 7
Suppose -4*f - 124 = -12. Let w = f - -49. What are the prime factors of w?
3, 7
Let s = 436 - 223. What are the prime factors of s?
3, 71
Suppose -a - 81 = r - 2*r, -73 = -r + 3*a. Let i be r/4 - (-1)/(-4). Suppose 3*d + i = 3*o, -5*d - 17 - 3 = 0. What are the prime factors of o?
3
Suppose s = 2*a + 3*s + 4, 10 = 4*a - 5*s. Suppose 2 = -a*b + b. Suppose -b*f - 2 = -3*f. What are the prime factors of f?
2
Let q(u) = u**3 - 13*u**2 - 12*u - 4. List the prime factors of q(14).
2, 3
Suppose -7 = -3*p + 8. Let m = 15 - p. Suppose m = l - 0*l. What are the prime factors of l?
2, 5
Suppose v + a = -a + 11, 0 = -4*v + a + 26. List the prime factors of v.
7
Let r be (-18)/(-12) - (-2)/4. Suppose -2*x + 32 = -r*c, -x - 6*c + 41 = -2*c. List the prime factors of x.
3, 7
Let f be 16/5 + 3/(-15). Suppose 5*r = 4*r - 5*x + 46, 0 = -4*r - f*x + 116. What are the prime factors of r?
2, 13
Let z(v) = -v + 1. Let b be z(-3). Suppose b*y = 3*y. Suppose -2*g - 2*k + 0 + 8 = y, -3*g - 4*k = -8. What are the prime factors of g?
2
Let n(v) = -3*v. Let q be n(-1). Let d be (-29)/q - 10/(-15). What are the prime factors of (-6)/d + 16/3?
2, 3
Let d(a) = -16*a - 6. What are the prime factors of d(-6)?
2, 3, 5
Let r = -11 - -18. Let z = r + -5. What are the prime factors of z?
2
Let y(z) = -2*z + 6. Let w be (-3)/2 - (-30)/4. Let b be y(w). Let p = b - -11. List the prime factors of p.
5
Suppose 0 = 5*h - 10*h + 60. What are the prime factors of h?
2, 3
Suppose 0 = 2*a - 3*g + 12, 8 = -0*a - a + 2*g. Suppose 5*i = -a*i + 40. What are the prime factors of i?
2
Let i(m) = -m**3 - 6*m**2 + 6*m - 7. Let d be i(-7). Suppose l - 6 = -d*l. What are the prime factors of l?
2, 3
List the prime factors of (6 + -4)*(-23)/(-2).
23
Suppose -4 = -2*a - 0*a. Suppose 80 = 3*b - 4*r, 4*r + 52 = a*b - 8. Suppose 5 = -c + b. What are the prime factors of c?
3, 5
Let j(v) = -v + 16. Let x be j(14). Let y(k) = 6*k + 1. List the prime factors of y(x).
13
Suppose s = 3*s + 2. Let h be s + 3 + (-3 - 0). What are the prime factors of (-2)/(4*h/10)?
5
Let c be -3*-1*(-2)/(-2). Let d = 7 - c. Suppose -3*o - 4 = -d*o. What are the prime factors of o?
2
Let r(s) = -s**2 - 3*s. Let v be r(-2). Let y be v/(-6)*-5*-3. What are the prime factors of 2/y + (-81)/(-15)?
5
Suppose -2*t = -5*b + 73, b + b = -t + 22. Suppose -b = -p + 6. List the prime factors of p.
19
Let g = -1 - -2. Let v be 8/(0 - -3 - g). Suppose 5*l = 10, -v*j + 7 = -4*l - 1. List the prime factors of j.
2
Let r be ((-8)/12)/((-1)/57). Let s = 23 - r. Let i = 26 + s. What are the prime factors of i?
11
List the prime factors of -249*(2 + (-21)/9).
83
Suppose -5*l = -3*v + 209, -2*v - 2*v + 4*l + 284 = 0. List the prime factors of v.
73
Suppose o - 7*o = 48. Let v be 64/(-3) + (-2)/(-6). Let p = o - v. What are the prime factors of p?
13
Let t(g) = -7*g**2 - 4*g + 3. Let h be t(2). Let k = h + 49. What are the prime factors of k?
2
Suppose g + 828 = 5*j + 3*g, -j - 3*g + 176 = 0. Let d be 4/6 - j/12. Let o = 25 + d. List the prime factors of o.
2, 3
Let j(b) = 44*b**2 - b - 1. Let h be j(-1). Let x = -9 + h. Suppose 5*q - 65 = -5*n, q + 5*n - x = -q. What are the prime factors of q?
2, 5
What are the prime factors of (-3*(-6)/(-9))/((-14)/77)?
11
Suppose 2*q + 2 + 6 = 0. Let r(c) = -c**2 - 5*c + 1. Let w be r(q). Suppose -5*u - 2*l + 8 = 0, 0*u = -2*u + w*l + 9. List the prime factors of u.
2
Let h = 68 + -24. Suppose 3*r - 108 = -3*v, 6*r - r = 2*v - h. List the prime factors of v.
2
Let v(z) = -5*z + 2. Let m be v(3). Let g = 34 + m. What are the prime factors of g?
3, 7
Let i be (-3)/(-9) + (-86)/(-3). Let r = i - 20. Suppose 2*b + 1 = 4*f - r, -f + 15 = 2*b. List the prime factors of b.
5
Let g(q) = q**3 - 6*q**2 + 7*q - 4. Let s be g(5). Let h be (-20)/s - 2/(-6). Let a = 13 - h. List the prime factors of a.
2
Suppose -g - 58 = -4*d - 397, -3*d = 2*g - 634. List the prime factors of g.
17, 19
Let j(y) = y**3 + y + 22. Let w = -4 - -4. What are the prime factors of j(w)?
2, 11
Let q be (5 - 0) + (-3 - -1). Suppose -q*y + 6 = 0, -4*y + 6 = 3*b - 20. Let z = b - 3. List the prime factors of z.
3
Suppose -5*p - 15 = -0*p. Let k(m) = -m**2 - 7*m - 7. What are the prime factors of k(p)?
5
Let i = -4 - -7. What are the prime factors of 24/i - (-2 - -4)?
2, 3
Suppose w = -0*w + 28. List the prime factors of w.
2, 7
Let u be (6/(-8))/(4/(-96)). Suppose -u = -g + 18. Let h = g - 26. List the prime factors of h.
2, 5
List the prime factors of (1 - 2)*(-15 + -2).
17
Suppose 39 + 21 = 6*k. What are the prime factors of k?
2, 5
Let h = -1 + 1. Suppose r + 0*r - 10 = h. What are the prime factors of r?
2, 5
Suppose -4*a + 168 = -52. List the prime factors of a.
5, 11
Let a = 0 + 19. Let z = a + -11. List the prime factors of z.
2
Suppose 2*f - 2*k - 2 = 0, -f + 1 = 2*f - 4*k. Suppose -f*o = -0*o - 6. Suppose 13 = 4*z + o*x - 9, 10 = z + 5*x. What are the prime factors of z?
5
Let q = 4 + -4. Suppose q = 3*x + 2*k - 19, 4*x - k - 13 = x. What are the prime factors of x?
5
Let u = 5 - 1. What are the prime factors of (7 - 11)/(u/(-18))?
2, 3
Suppose -4*d + 48 = -2*d. Suppose 0 = k - 9 - d. Let c = k + -16. List the prime factors of c.
17
Suppose 728 = 14*u - 6*u. List the prime factors of u.
7, 13
Suppose i = -x + 5*i + 94, -5*i - 321 = -4*x. What are the prime factors of x?
2, 37
Let f be (-45)/6*8/(-6). Suppose -3*o = -f*o + 301. List the prime factors of o.
43
Suppose -4*h + 158 = 3*d, 0 = -4*d + 2*h + 59 + 115. What are the prime factors of d?
2, 23
Let m = 1 - 1. Suppose m = k + 7 + 3. List the prime factors of 86/10 - 4/k.
3
Suppose 8 = 3*i - 2*i. Let b(k) = -k**2 + 3*k + 4. Let o be b(4). Suppose 5*v = 2*c + 29, o*c + i = -4*c. What are the prime factors of v?
5
Suppose -4*n - 5*i + 483 = -2*i, 3*i - 3 = 0. List the prime factors of n.
2, 3, 5
Suppose 4*b - 3*g = -b + 338, 0 = -4*b + 4*g + 264. What are the prime factors of b?
2, 5, 7
Suppose -5*u = -8*u. Suppose -4*x = v + 15, -4*v - v - 5*x = u. Suppose -b = -v*b + 20. List the prime factors of b.
5
Suppose 5*v + 42 + 68 = 0. Let w = 37 + v. What are the prime factors of w?
3, 5
Let i(x) = 2*x**2 - 6*x - 8. What are the prime factors of i(-4)?
2, 3
List the prime factors of 118/15 - (-12)/90.
2
Let d be (-66)/24*(1 - 5). Suppose 3*o - 28 = d. List the prime factors of o.
13
Let r(o) = o - 1. Let k be r(4). Suppose 4 + 2 = 4*t - 2*z, 0 = 3*t - 4*z + k. What are the prime factors of t?
3
Let y(m) = -5*m**2 + 13*m + 18. Let q(d) = 9*d**2 - 25*d - 35. Let t(w) =